{"id":17486,"date":"2018-04-06T09:17:00","date_gmt":"2018-04-06T08:17:00","guid":{"rendered":"https:\/\/perfectvenue.eu\/?post_type=job_listing&#038;p=17486"},"modified":"2019-05-31T09:59:23","modified_gmt":"2019-05-31T08:59:23","slug":"villa-jolie","status":"publish","type":"job_listing","link":"https:\/\/perfectvenue.eu\/es\/listings\/villa-jolie\/","title":{"rendered":"Villa Jolie en la Costa Azul"},"content":{"rendered":"<p><\/p>\n<h2 style=\"text-align: justify;\">Descripci\u00f3n<\/h2>\n<p style=\"text-align: justify;\">Villa Jolie es una exclusiva y espaciosa villa en la Costa Azul ideal para 8 personas. Se encuentra en una preciosa ladera con vistas a la localidad de Ch\u00e2teauneuf de Grasse, que se encuentra a tan solo 10 minutos a pie.<\/p>\n<p style=\"text-align: justify;\">Esta lujosa casa se caracteriza por ser absolutamente acogedora, con una decoraci\u00f3n exquisita en tonos claros y todas las comodidades. Cuenta con una gran piscina y unos incre\u00edbles exteriores donde relajarse observando la naturaleza que la rodea. Incluso posee una zona para ni\u00f1os.<\/p>\n<p style=\"text-align: justify;\">La villa dispone aire acondicionado, ba\u00f1os en suite, equipos de alta calidad, gimnasio, horno de le\u00f1a para pizza y hasta una barbacoa de gas.<\/p>\n<p style=\"text-align: justify;\">A 30 minutos en coche podr\u00e9is visitar Saint Paul de Vence, un bonito pueblo que fue el destino preferido de artistas como\u00a0Matisse, Renoir o Mir\u00f3.<\/p>\n<p>Junto a villa Jolie se encuentra <a href=\"https:\/\/perfectvenue.eu\/es\/listings\/villa-zen\/\">Villa Zen<\/a>, disponible para alquilar por separado o en conjunto.<\/p>\n<h2>Bodas y eventos<\/h2>\n<p style=\"text-align: justify;\">En esta espectacular villa en la Costa Azul tambi\u00e9n podr\u00e9is celebrar una bonita boda, o una celebraci\u00f3n especial como un cumplea\u00f1os. Tiene capacidad para 30 invitados en una recepci\u00f3n cubierta y hasta 60 invitados en el exterior. Adem\u00e1s, a poca distancia cuenta con una bonita capilla.<\/p>\n<h3 style=\"text-align: justify;\">Detalles<\/h3>\n<p>Precio para celebraciones: a consultar<br \/>\nLos precios orientativos de esta villa en la Costa Azul para 8 personas son:<\/p>\n<table style=\"width: 476px; border-color: #ddbb85;\">\n<tbody>\n<tr>\n<td style=\"width: 350px;\">Fechas<\/td>\n<td style=\"width: 146px;\">Precio por semana<\/td>\n<\/tr>\n<tr>\n<td style=\"width: 350px;\">5 de abril de 2018 &#8211; 30 de junio de 2018<\/td>\n<td style=\"width: 146px;\">\u00a07,349\u20ac<\/td>\n<\/tr>\n<tr>\n<td style=\"width: 350px;\">30 de junio de 2018 &#8211; 1 de septiembre de 2018<\/td>\n<td style=\"width: 146px;\">\u00a09,159\u20ac<\/td>\n<\/tr>\n<tr>\n<td style=\"width: 350px;\">1 de septiembre de 2018 &#8211; 29 de junio de 2019<\/td>\n<td style=\"width: 146px;\">\u00a07,349\u20ac<\/td>\n<\/tr>\n<tr>\n<td style=\"width: 350px;\">29 de junio de 2019 &#8211; 31 de agosto de 2019<\/td>\n<td style=\"width: 146px;\">\u00a09,159\u20ac<\/td>\n<\/tr>\n<tr>\n<td style=\"width: 350px;\">31 de agosto de 2019 &#8211; 7 de octubre de 2019<\/td>\n<td style=\"width: 146px;\">\u00a07,349\u20ac<\/td>\n<\/tr>\n<\/tbody>\n<\/table>\n<p style=\"text-align: justify;\">Habitaciones:<\/p>\n<ul style=\"text-align: justify;\">\n<li>Habitaci\u00f3n principal: cama doble king-sized (2x2m) con aire acondicionado, balc\u00f3n privado y ba\u00f1o en suite.\u00a0Acceso a una terraza privada cubierta con zona de comedor.<\/li>\n<li>Habitaci\u00f3n 2: cama doble king-sized\u00a0 (2x2m) con aire acondicionado, ventanas francesas que dan a la terraza de la piscina y ba\u00f1o.<\/li>\n<li>Habitaci\u00f3n 3: cama doble con aire acondicionado, ventanas francesas que conducen a la terraza de la piscina y ba\u00f1o<\/li>\n<li>Habitaci\u00f3n 4: cama doble king-sized(2x2m) con aire acondicionado, sof\u00e1s y ba\u00f1o.<\/li>\n<\/ul>\n<p style=\"text-align: justify;\"><span style=\"color: inherit; font-family: inherit; font-size: inherit;\">La villa dispone de:<\/span><\/p>\n<p style=\"text-align: justify;\">Cocina abierta completamente equipada.<br \/>\nSala de juegos con gimnasio.<br \/>\nCuarto de servicio con dos lavadoras, secadora, plancha y tabla de planchar.<br \/>\nTV con pantalla de plasma grande con Sky, Apple TV y el sistema Sonos Music<br \/>\nZona de comedor abierta con mesa de comedor grande y asientos para 8 personas<br \/>\nPiscina de agua salada<br \/>\nCocina de verano con funci\u00f3n incorporada barbacoa de gas, horno de le\u00f1a para pizza, mesa de comedor cubierta y mesa de c\u00f3ctel y sillas<br \/>\nSegundo comedor exterior<br \/>\nGaraje<br \/>\nAparcamiento privado para 6 coches<br \/>\nWi-Fi<br \/>\nAire acondicionado<br \/>\nSuelo radiante<br \/>\nCalefacci\u00f3n central<br \/>\nSistema de alarma de seguridad<br \/>\nJuegos de mesa<br \/>\nB\u00e1dminton<br \/>\nHinchables en la piscina<\/p>\n<p>Actividades cercanas:<\/p>\n<ul class=\"check-list__list list--unstyled\">\n<li>Paseos a caballo (Chateauneuf 3km)<\/li>\n<li>Deportes de agua (Juan Les Pins 28km)<\/li>\n<li>Tenis<\/li>\n<li>Ciclismo<\/li>\n<li>Canoa\/kayak (Pont du Loup 6km)<\/li>\n<li>Sitios hist\u00f3ricos (Gourdon 5km)<\/li>\n<\/ul>\n<p><\/p>","protected":false},"featured_media":17487,"comment_status":"open","ping_status":"closed","template":"","meta":{"_mo_disable_npp":"","_promoted":"","_job_location":"Grasse, Francia","_company_website":"","_company_tagline":"Disfruta de esta villa en la Costa Azul, una lujosa casa con vistas al pueblo de Ch\u00e2teauneuf de Grasse, disponible para bodas y alojamiento.","_company_twitter":"@perfectvenue_es","_filled":0,"_featured":0,"_remote_position":0,"_job_salary":"","_job_salary_currency":"","_job_salary_unit":""},"job_listing_region":[109],"job-categories":[102,98],"job-types":[60],"venue_type":[147],"wedding_style":[],"class_list":{"0":"post-17486","1":"job_listing","2":"type-job_listing","3":"status-publish","4":"has-post-thumbnail","5":"hentry","6":"job_listing_region-france","7":"job_listing_category-party","8":"job_listing_category-wedding","9":"job_listing_type-stay","10":"people-205","11":"budget-7-349e","12":"accommodation-yes","13":"venue_type-estateresort","14":"other-car-parking","15":"other-outside-space","16":"job_listing_tag-alojamiento-exclusivo","17":"job_listing_tag-alojamiento-unico","18":"job_listing_tag-boda-en-francia","19":"job_listing_tag-espacio-bodas","20":"job_listing_tag-venue-for-wedding","21":"job_listing_tag-villa-en-la-costa-azul","22":"job_listing_tag-villa-exclusiva","23":"job_listing_tag-villa-in-france","24":"job_listing_tag-villa-in-mediterranean-coast","25":"job_listing_tag-wedding-in-france","27":"job-type-stay"},"_links":{"self":[{"href":"https:\/\/perfectvenue.eu\/es\/wp-json\/wp\/v2\/job-listings\/17486","targetHints":{"allow":["GET"]}}],"collection":[{"href":"https:\/\/perfectvenue.eu\/es\/wp-json\/wp\/v2\/job-listings"}],"about":[{"href":"https:\/\/perfectvenue.eu\/es\/wp-json\/wp\/v2\/types\/job_listing"}],"replies":[{"embeddable":true,"href":"https:\/\/perfectvenue.eu\/es\/wp-json\/wp\/v2\/comments?post=17486"}],"wp:featuredmedia":[{"embeddable":true,"href":"https:\/\/perfectvenue.eu\/es\/wp-json\/wp\/v2\/media\/17487"}],"wp:attachment":[{"href":"https:\/\/perfectvenue.eu\/es\/wp-json\/wp\/v2\/media?parent=17486"}],"wp:term":[{"taxonomy":"job_listing_region","embeddable":true,"href":"https:\/\/perfectvenue.eu\/es\/wp-json\/wp\/v2\/job_listing_region?post=17486"},{"taxonomy":"job_listing_category","embeddable":true,"href":"https:\/\/perfectvenue.eu\/es\/wp-json\/wp\/v2\/job-categories?post=17486"},{"taxonomy":"job_listing_type","embeddable":true,"href":"https:\/\/perfectvenue.eu\/es\/wp-json\/wp\/v2\/job-types?post=17486"},{"taxonomy":"venue_type","embeddable":true,"href":"https:\/\/perfectvenue.eu\/es\/wp-json\/wp\/v2\/venue_type?post=17486"},{"taxonomy":"wedding_style","embeddable":true,"href":"https:\/\/perfectvenue.eu\/es\/wp-json\/wp\/v2\/wedding_style?post=17486"}],"curies":[{"name":"wp","href":"https:\/\/api.w.org\/{rel}","templated":true}]}}

<p></p>
<h2 style="text-align: justify;">Descripción</h2>
<p style="text-align: justify;">Villa Jolie es una exclusiva y espaciosa villa en la Costa Azul ideal para 8 personas. Se encuentra en una preciosa ladera con vistas a la localidad de Châteauneuf de Grasse, que se encuentra a tan solo 10 minutos a pie.</p>
<p style="text-align: justify;">Esta lujosa casa se caracteriza por ser absolutamente acogedora, con una decoración exquisita en tonos claros y todas las comodidades. Cuenta con una gran piscina y unos increíbles exteriores donde relajarse observando la naturaleza que la rodea. Incluso posee una zona para niños.</p>
<p style="text-align: justify;">La villa dispone aire acondicionado, baños en suite, equipos de alta calidad, gimnasio, horno de leña para pizza y hasta una barbacoa de gas.</p>
<p style="text-align: justify;">A 30 minutos en coche podréis visitar Saint Paul de Vence, un bonito pueblo que fue el destino preferido de artistas como Matisse, Renoir o Miró.</p>
<p>Junto a villa Jolie se encuentra <a href="https://perfectvenue.eu/es/listings/villa-zen/">Villa Zen</a>, disponible para alquilar por separado o en conjunto.</p>
<h2>Bodas y eventos</h2>
<p style="text-align: justify;">En esta espectacular villa en la Costa Azul también podréis celebrar una bonita boda, o una celebración especial como un cumpleaños. Tiene capacidad para 30 invitados en una recepción cubierta y hasta 60 invitados en el exterior. Además, a poca distancia cuenta con una bonita capilla.</p>
<h3 style="text-align: justify;">Detalles</h3>
<p>Precio para celebraciones: a consultar<br />
Los precios orientativos de esta villa en la Costa Azul para 8 personas son:</p>
<table style="width: 476px; border-color: #ddbb85;">
<tbody>
<tr>
<td style="width: 350px;">Fechas</td>
<td style="width: 146px;">Precio por semana</td>
</tr>
<tr>
<td style="width: 350px;">5 de abril de 2018 &#8211; 30 de junio de 2018</td>
<td style="width: 146px;"> 7,349€</td>
</tr>
<tr>
<td style="width: 350px;">30 de junio de 2018 &#8211; 1 de septiembre de 2018</td>
<td style="width: 146px;"> 9,159€</td>
</tr>
<tr>
<td style="width: 350px;">1 de septiembre de 2018 &#8211; 29 de junio de 2019</td>
<td style="width: 146px;"> 7,349€</td>
</tr>
<tr>
<td style="width: 350px;">29 de junio de 2019 &#8211; 31 de agosto de 2019</td>
<td style="width: 146px;"> 9,159€</td>
</tr>
<tr>
<td style="width: 350px;">31 de agosto de 2019 &#8211; 7 de octubre de 2019</td>
<td style="width: 146px;"> 7,349€</td>
</tr>
</tbody>
</table>
<p style="text-align: justify;">Habitaciones:</p>
<ul style="text-align: justify;">
<li>Habitación principal: cama doble king-sized (2x2m) con aire acondicionado, balcón privado y baño en suite. Acceso a una terraza privada cubierta con zona de comedor.</li>
<li>Habitación 2: cama doble king-sized  (2x2m) con aire acondicionado, ventanas francesas que dan a la terraza de la piscina y baño.</li>
<li>Habitación 3: cama doble con aire acondicionado, ventanas francesas que conducen a la terraza de la piscina y baño</li>
<li>Habitación 4: cama doble king-sized(2x2m) con aire acondicionado, sofás y baño.</li>
</ul>
<p style="text-align: justify;"><span style="color: inherit; font-family: inherit; font-size: inherit;">La villa dispone de:</span></p>
<p style="text-align: justify;">Cocina abierta completamente equipada.<br />
Sala de juegos con gimnasio.<br />
Cuarto de servicio con dos lavadoras, secadora, plancha y tabla de planchar.<br />
TV con pantalla de plasma grande con Sky, Apple TV y el sistema Sonos Music<br />
Zona de comedor abierta con mesa de comedor grande y asientos para 8 personas<br />
Piscina de agua salada<br />
Cocina de verano con función incorporada barbacoa de gas, horno de leña para pizza, mesa de comedor cubierta y mesa de cóctel y sillas<br />
Segundo comedor exterior<br />
Garaje<br />
Aparcamiento privado para 6 coches<br />
Wi-Fi<br />
Aire acondicionado<br />
Suelo radiante<br />
Calefacción central<br />
Sistema de alarma de seguridad<br />
Juegos de mesa<br />
Bádminton<br />
Hinchables en la piscina</p>
<p>Actividades cercanas:</p>
<ul class="check-list__list list--unstyled">
<li>Paseos a caballo (Chateauneuf 3km)</li>
<li>Deportes de agua (Juan Les Pins 28km)</li>
<li>Tenis</li>
<li>Ciclismo</li>
<li>Canoa/kayak (Pont du Loup 6km)</li>
<li>Sitios históricos (Gourdon 5km)</li>
</ul>
<p></p>

Disfruta de esta villa en la Costa Azul, una lujosa casa con vistas al pueblo de Châteauneuf de Grasse, disponible para bodas y alojamiento.
