{"id":17717,"date":"2018-04-17T10:42:49","date_gmt":"2018-04-17T09:42:49","guid":{"rendered":"https:\/\/perfectvenue.eu\/?post_type=job_listing&#038;p=17717"},"modified":"2018-07-12T12:10:58","modified_gmt":"2018-07-12T11:10:58","slug":"villa-saint-veran","status":"publish","type":"job_listing","link":"https:\/\/perfectvenue.eu\/es\/listings\/villa-saint-veran\/","title":{"rendered":"Villa Saint-Veran"},"content":{"rendered":"<p><\/p>\n<h2>Descripci\u00f3n<\/h2>\n<p style=\"text-align: justify;\">Villa Saint-Veran se encuentra en una zona muy tranquila de la Riviera francesa, sobre una colina, con impresionantes vistas al bosque de Saint-V\u00e9ran, los Alpes y el mar. Esta villa fue una antigua granja que en el siglo XVIII se convirti\u00f3 en una preciosa casa residencial, y que recientemente se ha procedido a renovar para dotarla de las mejores instalaciones, siempre conservando su car\u00e1cter original.<\/p>\n<p style=\"text-align: justify;\">La villa dispone de 7 habitaciones y 6 ba\u00f1os, as\u00ed como de una gran piscina donde disfrutar al aire libre. Todo ello decorado con mucha elegancia y una perfecta fusi\u00f3n de mobiliario cl\u00e1sico con otras piezas m\u00e1s modernas.<\/p>\n<p style=\"text-align: justify;\">Podr\u00e9is visitar el pueblo provenzal de Villeneuve-Loubet, que cuenta con vistas a las colinas de Saint-Paul-de-Vence y Grasse, y con casi 4 km de costa. Tambi\u00e9n os recomendamos visitar Niza y Cannes, as\u00ed como las art\u00edsticas ciudades de\u00a0Vence, St-Paul de Vence y Grasse.<\/p>\n<h3 style=\"text-align: justify;\">Detalles<\/h3>\n<p>Los precios orientativos de la villa para 14 personas son:<\/p>\n<table style=\"height: 343px; width: 470px; border-color: #ddbb85;\">\n<tbody>\n<tr>\n<td style=\"width: 286px;\">Fecha<\/td>\n<td style=\"width: 179px;\">Precio por semana<\/td>\n<\/tr>\n<tr>\n<td style=\"width: 286px;\">10 ABRIL 2018 &#8211; 2 JUNIO 2018<\/td>\n<td style=\"width: 179px;\">7,810.00\u20ac<\/td>\n<\/tr>\n<tr>\n<td style=\"width: 286px;\">2 JUNIO &#8211; 16 JUNIO 2018<\/td>\n<td style=\"width: 179px;\">7,796.00\u20ac<\/td>\n<\/tr>\n<tr>\n<td style=\"width: 286px;\">16 JUNIO 2018 &#8211; 14 JULIO 2018<\/td>\n<td style=\"width: 179px;\">8,790.00\u20ac<\/td>\n<\/tr>\n<tr>\n<td style=\"width: 286px;\">14 JULIO 2018 &#8211; 21 JULIO 2018<\/td>\n<td style=\"width: 179px;\">12,766.00\u20ac<\/td>\n<\/tr>\n<tr>\n<td style=\"width: 286px;\">21 JULIO 2018 &#8211; 28 JULIO 2018<\/td>\n<td style=\"width: 179px;\">12,766.00\u20ac<\/td>\n<\/tr>\n<tr>\n<td style=\"width: 286px;\">28 JULIO 2018 &#8211; 15 SEPTIEMBRE 2018<\/td>\n<td style=\"width: 179px;\">12,766.00\u20ac<\/td>\n<\/tr>\n<tr>\n<td style=\"width: 286px;\">15 SEPTIEMBRE 2018 &#8211; 22 SEPTIEMBRE 2018<\/td>\n<td style=\"width: 179px;\">8,790.00\u20ac<\/td>\n<\/tr>\n<tr>\n<td style=\"width: 286px;\">22 SEPTIEMBRE 2018 &#8211; 1 JUNIO 2019<\/td>\n<td style=\"width: 179px;\">7,796.00\u20ac<\/td>\n<\/tr>\n<tr>\n<td style=\"width: 286px;\">1 JUNIO 2019 &#8211; 15 JUNIO 2019<\/td>\n<td style=\"width: 179px;\">7,796.00\u20ac<\/td>\n<\/tr>\n<tr>\n<td style=\"width: 286px;\">15 JUNIO 2019 &#8211; 13 JULIO 2019<\/td>\n<td style=\"width: 179px;\">8,790.00\u20ac<\/td>\n<\/tr>\n<tr>\n<td style=\"width: 286px;\">13 JULIO 2019 &#8211; 20 JULIO 2019<\/td>\n<td style=\"width: 179px;\">12,766.00\u20ac<\/td>\n<\/tr>\n<tr>\n<td style=\"width: 286px;\">20 JULIO 2019 &#8211; 27 JULIO 2019<\/td>\n<td style=\"width: 179px;\">12,766.00\u20ac<\/td>\n<\/tr>\n<tr>\n<td style=\"width: 286px;\">27 JULIO 2019 &#8211; 14 SEPTIEMBRE 2019<\/td>\n<td style=\"width: 179px;\">12,766.00\u20ac<\/td>\n<\/tr>\n<tr>\n<td style=\"width: 286px;\">14 SEPTIEMBRE 2019 &#8211; 21 SEPTIEMBRE 2019<\/td>\n<td style=\"width: 179px;\">8,790.00\u20ac<\/td>\n<\/tr>\n<tr>\n<td style=\"width: 286px;\">21 SEPTIEMBRE 2019 &#8211; 12 OCTUBRE 2019<\/td>\n<td style=\"width: 179px;\">7,796.00\u20ac<\/td>\n<\/tr>\n<\/tbody>\n<\/table>\n<p>&nbsp;<\/p>\n<p>Caracter\u00edsticas:<\/p>\n<p>Wi-Fi<br \/>\nCalefacci\u00f3n y aire acondicionado en habitaciones y sal\u00f3n-comedor<br \/>\nTV<br \/>\nBarbacoa<br \/>\nParking fuera del camino<br \/>\nComedor y sala de estar al aire libre<\/p>","protected":false},"featured_media":18115,"comment_status":"open","ping_status":"closed","template":"","meta":{"_mo_disable_npp":"","_promoted":"","_job_location":"Cannes, Francia","_company_website":"","_company_tagline":"La villa Saint-Ver\u00e1n se encuentra entre las ciudades de Niza y Cannes, en lo alto de una colina con impresionantes vistas. Capacidad: 14 personas.","_company_twitter":"@perfectvenue_es","_filled":0,"_featured":0,"_remote_position":0,"_job_salary":"","_job_salary_currency":"","_job_salary_unit":""},"job_listing_region":[109],"job-categories":[],"job-types":[60],"venue_type":[139,147,192],"wedding_style":[],"class_list":{"0":"post-17717","1":"job_listing","2":"type-job_listing","3":"status-publish","4":"has-post-thumbnail","5":"hentry","6":"job_listing_region-france","7":"job_listing_type-stay","8":"people-388","9":"budget-7-796e","10":"accommodation-yes","11":"venue_type-coastal-venue","12":"venue_type-estateresort","13":"venue_type-espacio-unico","14":"other-car-parking","15":"other-outside-space","16":"job_listing_tag-luxury-villa","17":"job_listing_tag-car-parking","18":"job_listing_tag-uso-exclusivo","19":"job_listing_tag-vacaciones-en-familia","20":"job_listing_tag-villa-de-lujo","21":"job_listing_tag-villa-en-cannes","22":"job_listing_tag-villa-en-riviera-francesa","23":"job_listing_tag-villa-for-holidays","24":"job_listing_tag-villa-in-france","25":"job_listing_tag-vistas-al-mar","27":"job-type-stay"},"_links":{"self":[{"href":"https:\/\/perfectvenue.eu\/es\/wp-json\/wp\/v2\/job-listings\/17717","targetHints":{"allow":["GET"]}}],"collection":[{"href":"https:\/\/perfectvenue.eu\/es\/wp-json\/wp\/v2\/job-listings"}],"about":[{"href":"https:\/\/perfectvenue.eu\/es\/wp-json\/wp\/v2\/types\/job_listing"}],"replies":[{"embeddable":true,"href":"https:\/\/perfectvenue.eu\/es\/wp-json\/wp\/v2\/comments?post=17717"}],"wp:featuredmedia":[{"embeddable":true,"href":"https:\/\/perfectvenue.eu\/es\/wp-json\/wp\/v2\/media\/18115"}],"wp:attachment":[{"href":"https:\/\/perfectvenue.eu\/es\/wp-json\/wp\/v2\/media?parent=17717"}],"wp:term":[{"taxonomy":"job_listing_region","embeddable":true,"href":"https:\/\/perfectvenue.eu\/es\/wp-json\/wp\/v2\/job_listing_region?post=17717"},{"taxonomy":"job_listing_category","embeddable":true,"href":"https:\/\/perfectvenue.eu\/es\/wp-json\/wp\/v2\/job-categories?post=17717"},{"taxonomy":"job_listing_type","embeddable":true,"href":"https:\/\/perfectvenue.eu\/es\/wp-json\/wp\/v2\/job-types?post=17717"},{"taxonomy":"venue_type","embeddable":true,"href":"https:\/\/perfectvenue.eu\/es\/wp-json\/wp\/v2\/venue_type?post=17717"},{"taxonomy":"wedding_style","embeddable":true,"href":"https:\/\/perfectvenue.eu\/es\/wp-json\/wp\/v2\/wedding_style?post=17717"}],"curies":[{"name":"wp","href":"https:\/\/api.w.org\/{rel}","templated":true}]}}

<p></p>
<h2>Descripción</h2>
<p style="text-align: justify;">Villa Saint-Veran se encuentra en una zona muy tranquila de la Riviera francesa, sobre una colina, con impresionantes vistas al bosque de Saint-Véran, los Alpes y el mar. Esta villa fue una antigua granja que en el siglo XVIII se convirtió en una preciosa casa residencial, y que recientemente se ha procedido a renovar para dotarla de las mejores instalaciones, siempre conservando su carácter original.</p>
<p style="text-align: justify;">La villa dispone de 7 habitaciones y 6 baños, así como de una gran piscina donde disfrutar al aire libre. Todo ello decorado con mucha elegancia y una perfecta fusión de mobiliario clásico con otras piezas más modernas.</p>
<p style="text-align: justify;">Podréis visitar el pueblo provenzal de Villeneuve-Loubet, que cuenta con vistas a las colinas de Saint-Paul-de-Vence y Grasse, y con casi 4 km de costa. También os recomendamos visitar Niza y Cannes, así como las artísticas ciudades de Vence, St-Paul de Vence y Grasse.</p>
<h3 style="text-align: justify;">Detalles</h3>
<p>Los precios orientativos de la villa para 14 personas son:</p>
<table style="height: 343px; width: 470px; border-color: #ddbb85;">
<tbody>
<tr>
<td style="width: 286px;">Fecha</td>
<td style="width: 179px;">Precio por semana</td>
</tr>
<tr>
<td style="width: 286px;">10 ABRIL 2018 &#8211; 2 JUNIO 2018</td>
<td style="width: 179px;">7,810.00€</td>
</tr>
<tr>
<td style="width: 286px;">2 JUNIO &#8211; 16 JUNIO 2018</td>
<td style="width: 179px;">7,796.00€</td>
</tr>
<tr>
<td style="width: 286px;">16 JUNIO 2018 &#8211; 14 JULIO 2018</td>
<td style="width: 179px;">8,790.00€</td>
</tr>
<tr>
<td style="width: 286px;">14 JULIO 2018 &#8211; 21 JULIO 2018</td>
<td style="width: 179px;">12,766.00€</td>
</tr>
<tr>
<td style="width: 286px;">21 JULIO 2018 &#8211; 28 JULIO 2018</td>
<td style="width: 179px;">12,766.00€</td>
</tr>
<tr>
<td style="width: 286px;">28 JULIO 2018 &#8211; 15 SEPTIEMBRE 2018</td>
<td style="width: 179px;">12,766.00€</td>
</tr>
<tr>
<td style="width: 286px;">15 SEPTIEMBRE 2018 &#8211; 22 SEPTIEMBRE 2018</td>
<td style="width: 179px;">8,790.00€</td>
</tr>
<tr>
<td style="width: 286px;">22 SEPTIEMBRE 2018 &#8211; 1 JUNIO 2019</td>
<td style="width: 179px;">7,796.00€</td>
</tr>
<tr>
<td style="width: 286px;">1 JUNIO 2019 &#8211; 15 JUNIO 2019</td>
<td style="width: 179px;">7,796.00€</td>
</tr>
<tr>
<td style="width: 286px;">15 JUNIO 2019 &#8211; 13 JULIO 2019</td>
<td style="width: 179px;">8,790.00€</td>
</tr>
<tr>
<td style="width: 286px;">13 JULIO 2019 &#8211; 20 JULIO 2019</td>
<td style="width: 179px;">12,766.00€</td>
</tr>
<tr>
<td style="width: 286px;">20 JULIO 2019 &#8211; 27 JULIO 2019</td>
<td style="width: 179px;">12,766.00€</td>
</tr>
<tr>
<td style="width: 286px;">27 JULIO 2019 &#8211; 14 SEPTIEMBRE 2019</td>
<td style="width: 179px;">12,766.00€</td>
</tr>
<tr>
<td style="width: 286px;">14 SEPTIEMBRE 2019 &#8211; 21 SEPTIEMBRE 2019</td>
<td style="width: 179px;">8,790.00€</td>
</tr>
<tr>
<td style="width: 286px;">21 SEPTIEMBRE 2019 &#8211; 12 OCTUBRE 2019</td>
<td style="width: 179px;">7,796.00€</td>
</tr>
</tbody>
</table>
<p>&nbsp;</p>
<p>Características:</p>
<p>Wi-Fi<br />
Calefacción y aire acondicionado en habitaciones y salón-comedor<br />
TV<br />
Barbacoa<br />
Parking fuera del camino<br />
Comedor y sala de estar al aire libre</p>

La villa Saint-Verán se encuentra entre las ciudades de Niza y Cannes, en lo alto de una colina con impresionantes vistas. Capacidad: 14 personas.
